{"id":25,"date":"2016-07-21T10:16:03","date_gmt":"2016-07-21T10:16:03","guid":{"rendered":"http:\/\/impreza7.us-themes.com\/?page_id=25"},"modified":"2023-10-13T10:37:53","modified_gmt":"2023-10-13T08:37:53","slug":"home","status":"publish","type":"page","link":"https:\/\/ws-ladenbau.de\/","title":{"rendered":"Home"},"content":{"rendered":"<section class=\"l-section wpb_row us_custom_25a4e1d0 hide_on_tablets hide_on_mobiles height_medium full_height valign_bottom\"><div class=\"l-section-h i-cf\"><div class=\"g-cols vc_row via_grid cols_2 laptops-cols_inherit tablets-cols_inherit mobiles-cols_1 valign_middle type_default stacking_default\"><div class=\"wpb_column vc_column_container us_custom_d2f6c769 us_animate_this has_bg_color\"><div class=\"vc_column-inner\"><div class=\"w-image us_custom_ef014360 us_animate_this align_center\"><div class=\"w-image-h\"><img decoding=\"async\" width=\"489\" height=\"68\" src=\"https:\/\/ws-ladenbau.de\/wp-content\/uploads\/2023\/09\/Streifen-gelb-01-04.jpg\" class=\"attachment-full size-full\" alt=\"\" loading=\"lazy\" srcset=\"https:\/\/ws-ladenbau.de\/wp-content\/uploads\/2023\/09\/Streifen-gelb-01-04.jpg 489w, https:\/\/ws-ladenbau.de\/wp-content\/uploads\/2023\/09\/Streifen-gelb-01-04-300x42.jpg 300w\" sizes=\"auto, (max-width: 489px) 100vw, 489px\" \/><\/div><\/div><div class=\"w-separator size_small\"><\/div><div class=\"wpb_text_column us_custom_513beae6\"><div class=\"wpb_wrapper\"><p>Ihr Spezialist f\u00fcr hochwertige Einrichtungen<\/p>\n<\/div><\/div><div class=\"w-separator size_small\"><\/div><div class=\"w-btn-wrapper align_none\"><a class=\"w-btn us-btn-style_3 us_custom_de1be817\" title=\"Portfolio\" href=\"http:\/\/ws-ladenbau.de\/?page_id=3850\"><span class=\"w-btn-label\">Projekte<\/span><\/a><\/div><\/div><\/div><div class=\"wpb_column vc_column_container us_custom_60e9caca us_animate_this\"><div class=\"vc_column-inner\"><\/div><\/div><\/div><\/div><\/section><section class=\"l-section wpb_row us_custom_25a4e1d0 hide_on_default hide_on_laptops hide_on_tablets height_medium\" id=\"Smartphone\"><div class=\"l-section-h i-cf\"><div class=\"g-cols vc_row via_grid cols_2 laptops-cols_inherit tablets-cols_inherit mobiles-cols_1 valign_middle type_default stacking_default\"><div class=\"wpb_column vc_column_container us_custom_49ec538f us_animate_this\"><div class=\"vc_column-inner\"><div class=\"w-vwrapper align_none valign_top\"><div class=\"w-image align_none\"><div class=\"w-image-h\"><img decoding=\"async\" width=\"489\" height=\"68\" src=\"https:\/\/ws-ladenbau.de\/wp-content\/uploads\/2023\/09\/Streifen-gelb-01-04.jpg\" class=\"attachment-full size-full\" alt=\"\" loading=\"lazy\" srcset=\"https:\/\/ws-ladenbau.de\/wp-content\/uploads\/2023\/09\/Streifen-gelb-01-04.jpg 489w, https:\/\/ws-ladenbau.de\/wp-content\/uploads\/2023\/09\/Streifen-gelb-01-04-300x42.jpg 300w\" sizes=\"auto, (max-width: 489px) 100vw, 489px\" \/><\/div><\/div><div class=\"wpb_text_column us_custom_eaf68fc4\"><div class=\"wpb_wrapper\"><p>Ihr Spezialist<br \/>\nf\u00fcr hochwertige Einrichtungen<\/p>\n<\/div><\/div><\/div><\/div><\/div><\/div><\/div><\/section><section class=\"l-section wpb_row us_custom_08795113 hide_on_default hide_on_laptops hide_on_mobiles height_medium\" id=\"Tablet\"><div class=\"l-section-h i-cf\"><div class=\"g-cols vc_row via_grid cols_2 laptops-cols_inherit tablets-cols_inherit mobiles-cols_1 valign_middle type_default stacking_default\"><div class=\"wpb_column vc_column_container us_custom_6ccb3b73 us_animate_this\"><div class=\"vc_column-inner\"><div class=\"w-vwrapper align_none valign_top\"><div class=\"w-image align_none\"><div class=\"w-image-h\"><img decoding=\"async\" width=\"489\" height=\"68\" src=\"https:\/\/ws-ladenbau.de\/wp-content\/uploads\/2023\/09\/Streifen-gelb-01-04.jpg\" class=\"attachment-full size-full\" alt=\"\" loading=\"lazy\" srcset=\"https:\/\/ws-ladenbau.de\/wp-content\/uploads\/2023\/09\/Streifen-gelb-01-04.jpg 489w, https:\/\/ws-ladenbau.de\/wp-content\/uploads\/2023\/09\/Streifen-gelb-01-04-300x42.jpg 300w\" sizes=\"auto, (max-width: 489px) 100vw, 489px\" \/><\/div><\/div><div class=\"wpb_text_column us_custom_9f520ea7\"><div class=\"wpb_wrapper\"><p>Ihr Spezialist<br \/>\nf\u00fcr hochwertige Einrichtungen<\/p>\n<\/div><\/div><\/div><\/div><\/div><\/div><\/div><\/section><section class=\"l-section wpb_row hide_on_tablets hide_on_mobiles height_large color_alternate\"><div class=\"l-section-h i-cf\"><div class=\"g-cols vc_row via_grid cols_1 laptops-cols_inherit tablets-cols_inherit mobiles-cols_1 valign_top type_default stacking_default\"><div class=\"wpb_column vc_column_container us_custom_60e9caca us_animate_this\"><div class=\"vc_column-inner\"><div class=\"wpb_text_column us_custom_7b485dbb\"><div class=\"wpb_wrapper\"><p>Wir sind Ihr zuverl\u00e4ssiger Ladenbauer<\/p>\n<\/div><\/div><div class=\"wpb_text_column us_custom_6c058a74\"><div class=\"wpb_wrapper\"><h3>VOR, W\u00c4HREND UND NACH IHREM UMBAU<\/h3>\n<\/div><\/div><div class=\"w-image us_custom_7377351c align_left\"><div class=\"w-image-h\"><img decoding=\"async\" width=\"638\" height=\"6\" src=\"https:\/\/ws-ladenbau.de\/wp-content\/uploads\/2023\/09\/Streifen-gelb-einzeln-02-05.png\" class=\"attachment-full size-full\" alt=\"\" loading=\"lazy\" srcset=\"https:\/\/ws-ladenbau.de\/wp-content\/uploads\/2023\/09\/Streifen-gelb-einzeln-02-05.png 638w, https:\/\/ws-ladenbau.de\/wp-content\/uploads\/2023\/09\/Streifen-gelb-einzeln-02-05-300x3.png 300w\" sizes=\"auto, (max-width: 638px) 100vw, 638px\" \/><\/div><\/div><div class=\"g-cols wpb_row via_grid cols_custom laptops-cols_inherit tablets-cols_inherit mobiles-cols_1 valign_top type_default stacking_default\" style=\"--columns-gap:3rem;--custom-columns:1fr 3fr 2fr\"><div class=\"wpb_column vc_column_container us_custom_3683a75f us_animate_this\"><div class=\"vc_column-inner\"><div class=\"wpb_text_column us_custom_065c43ef\"><div class=\"wpb_wrapper\"><p><strong>Wenn Sie einen zuverl\u00e4ssigen Ladenbauer suchen, auf den Sie sich vor, w\u00e4hrend und auch nach dem Umbau mit Service und Support partnerschaftlich verlassen k\u00f6nnen, dann sind Sie bei uns herzlich willkommen.<\/strong><\/p>\n<p><strong>Wir sind im Norden seit \u00fcber einem Vierteljahrhundert ein verl\u00e4sslicher Partner des B\u00e4ckerhandwerks.<\/strong><br \/>\n<strong>Bei uns geht Tradition des Tischlerhandwerks mit modernster Industrietechnik Hand-in-Hand.<\/strong><\/p>\n<p><strong>Wir beraten, gestalten, produzieren und montieren Ihre erfolgreiche Verkaufsst\u00e4tte, in der sich Ihre Kunden wohlf\u00fchlen, gerne verweilen und Ihre Handwerkskunst genie\u00dfen.<\/strong><\/p>\n<p><strong>Als Teil der cdp Gruppe realisieren wir mit unseren \u00fcber 50 Kollegen erfolgreiche Projekte im Einzelhandel.<\/strong><\/p>\n<\/div><\/div><\/div><\/div><\/div><\/div><\/div><\/div><\/div><\/section><section class=\"l-section wpb_row hide_on_default hide_on_laptops height_large color_alternate\" id=\"Smartphone + Tablet\"><div class=\"l-section-h i-cf\"><div class=\"g-cols vc_row via_grid cols_1 laptops-cols_inherit tablets-cols_inherit mobiles-cols_1 valign_top type_default stacking_default\"><div class=\"wpb_column vc_column_container us_custom_60e9caca us_animate_this\"><div class=\"vc_column-inner\"><div class=\"wpb_text_column us_custom_2956a888\"><div class=\"wpb_wrapper\"><p>Wir sind Ihr zuverl\u00e4ssiger Ladenbauer<\/p>\n<\/div><\/div><div class=\"wpb_text_column us_custom_a3dc4165\"><div class=\"wpb_wrapper\"><p>VOR, W\u00c4HREND UND NACH IHREM UMBAU<\/p>\n<\/div><\/div><div class=\"w-image us_custom_7377351c align_left\"><div class=\"w-image-h\"><img decoding=\"async\" width=\"638\" height=\"6\" src=\"https:\/\/ws-ladenbau.de\/wp-content\/uploads\/2023\/09\/Streifen-gelb-einzeln-02-05.png\" class=\"attachment-full size-full\" alt=\"\" loading=\"lazy\" srcset=\"https:\/\/ws-ladenbau.de\/wp-content\/uploads\/2023\/09\/Streifen-gelb-einzeln-02-05.png 638w, https:\/\/ws-ladenbau.de\/wp-content\/uploads\/2023\/09\/Streifen-gelb-einzeln-02-05-300x3.png 300w\" sizes=\"auto, (max-width: 638px) 100vw, 638px\" \/><\/div><\/div><div class=\"g-cols wpb_row via_grid cols_custom laptops-cols_inherit tablets-cols_inherit mobiles-cols_1 valign_top type_default stacking_default\" style=\"--columns-gap:3rem;--custom-columns:1fr 3fr 2fr\"><div class=\"wpb_column vc_column_container us_custom_3683a75f us_animate_this\"><div class=\"vc_column-inner\"><div class=\"wpb_text_column us_custom_4e5e3751\"><div class=\"wpb_wrapper\"><p><strong>Wenn Sie einen zuverl\u00e4ssigen Ladenbauer suchen, auf den Sie sich vor, w\u00e4hrend und auch nach dem Umbau mit Service und Support partnerschaftlich verlassen k\u00f6nnen, dann sind Sie bei uns herzlich willkommen.<\/strong><\/p>\n<p><strong>Wir sind im Norden seit \u00fcber einem Vierteljahrhundert ein verl\u00e4sslicher Partner des B\u00e4ckerhandwerks.<\/strong><br \/>\n<strong>Bei uns geht Tradition des Tischlerhandwerks mit modernster Industrietechnik Hand-in-Hand.<\/strong><\/p>\n<p><strong>Wir beraten, gestalten, produzieren und montieren Ihre erfolgreiche Verkaufsst\u00e4tte, in der sich Ihre Kunden wohlf\u00fchlen, gerne verweilen und Ihre Handwerkskunst genie\u00dfen.<\/strong><\/p>\n<p><strong>Als Teil der cdp Gruppe realisieren wir mit unseren \u00fcber 50 Kollegen erfolgreiche Projekte im Einzelhandel.<\/strong><\/p>\n<\/div><\/div><\/div><\/div><\/div><\/div><\/div><\/div><\/div><\/section><section class=\"l-section wpb_row hide_on_tablets hide_on_mobiles height_medium color_alternate\"><div class=\"l-section-h i-cf\"><div class=\"g-cols vc_row via_grid cols_3-1 laptops-cols_inherit tablets-cols_inherit mobiles-cols_1 valign_top type_default stacking_default\"><div class=\"wpb_column vc_column_container us_custom_60e9caca us_animate_this\"><div class=\"vc_column-overlay\" style=\"background:var(--color-header-middle-bg)\"><\/div><div class=\"vc_column-inner\"><div class=\"wpb_text_column us_custom_05b7f8f4\"><div class=\"wpb_wrapper\"><p>Was Sie von uns erwarten d\u00fcrfen<\/p>\n<\/div><\/div><div class=\"w-separator size_medium\"><\/div><div class=\"w-vwrapper us_custom_89448f37 align_none valign_top\"><div class=\"w-iconbox iconpos_left style_default color_secondary align_left no_title\"><div class=\"w-iconbox-icon\" style=\"font-size:1.5rem;\"><i class=\"fas fa-check-square\"><\/i><\/div><div class=\"w-iconbox-meta\"><div class=\"w-iconbox-text\"><p><strong>Zeitgem\u00e4\u00dfes Raumdesign der Erlebnisb\u00e4ckerei und Konditorei.<\/strong><\/p>\n<\/div><\/div><\/div><div class=\"w-iconbox iconpos_left style_default color_secondary align_left no_title\"><div class=\"w-iconbox-icon\" style=\"font-size:1.5rem;\"><i class=\"fas fa-check-square\"><\/i><\/div><div class=\"w-iconbox-meta\"><div class=\"w-iconbox-text\"><p><strong>Finanzierung oder Leasing Ihres Bauprojektes (Positive Bonit\u00e4t vorausgesetzt).<\/strong><\/p>\n<\/div><\/div><\/div><div class=\"w-iconbox iconpos_left style_default color_secondary align_left no_title\"><div class=\"w-iconbox-icon\" style=\"font-size:1.5rem;\"><i class=\"fas fa-check-square\"><\/i><\/div><div class=\"w-iconbox-meta\"><div class=\"w-iconbox-text\"><p><strong>Professionelles Projektmanagement &#8211; wir steuern die Gewerke f\u00fcr eine optimale Umbauphase.<\/strong><\/p>\n<\/div><\/div><\/div><div class=\"w-iconbox iconpos_left style_default color_secondary align_left no_title\"><div class=\"w-iconbox-icon\" style=\"font-size:1.5rem;\"><i class=\"fas fa-check-square\"><\/i><\/div><div class=\"w-iconbox-meta\"><div class=\"w-iconbox-text\"><p><strong>Ohne Anzahlung \u2013 wir berechnen nach \u00dcbergabe Ihrer Verkaufsst\u00e4tte.<\/strong><\/p>\n<\/div><\/div><\/div><div class=\"w-iconbox iconpos_left style_default color_secondary align_left no_title\"><div class=\"w-iconbox-icon\" style=\"font-size:1.5rem;\"><i class=\"fas fa-check-square\"><\/i><\/div><div class=\"w-iconbox-meta\"><div class=\"w-iconbox-text\"><p><strong>Kostenlose Leihstellung eines Verkaufsanh\u00e4ngers f\u00fcr einen m\u00f6glichst unterbrechungsfreien Verkauf.<\/strong><\/p>\n<\/div><\/div><\/div><div class=\"w-iconbox iconpos_left style_default color_secondary align_left no_title\"><div class=\"w-iconbox-icon\" style=\"font-size:1.5rem;\"><i class=\"fas fa-check-square\"><\/i><\/div><div class=\"w-iconbox-meta\"><div class=\"w-iconbox-text\"><p><strong>Service f\u00fcr Reparatur und Wartung.<\/strong><\/p>\n<\/div><\/div><\/div><\/div><\/div><\/div><div class=\"wpb_column vc_column_container\"><div class=\"vc_column-inner\"><\/div><\/div><\/div><\/div><\/section><section class=\"l-section wpb_row hide_on_default hide_on_laptops height_medium color_alternate\" id=\"Smartphone + Tablet\"><div class=\"l-section-h i-cf\"><div class=\"g-cols vc_row via_grid cols_3-1 laptops-cols_inherit tablets-cols_inherit mobiles-cols_1 valign_top type_default stacking_default\"><div class=\"wpb_column vc_column_container us_custom_60e9caca us_animate_this\"><div class=\"vc_column-overlay\" style=\"background:var(--color-header-middle-bg)\"><\/div><div class=\"vc_column-inner\"><div class=\"wpb_text_column us_custom_05b7f8f4\"><div class=\"wpb_wrapper\"><p>Was Sie von uns erwarten d\u00fcrfen<\/p>\n<\/div><\/div><div class=\"w-separator size_medium\"><\/div><div class=\"w-vwrapper us_custom_3fc1c513 align_left valign_top\" style=\"--vwrapper-gap:1.5rem\"><div class=\"w-iconbox iconpos_left style_default color_secondary align_left no_title\"><div class=\"w-iconbox-icon\" style=\"font-size:1.5rem;\"><i class=\"fas fa-check-square\"><\/i><\/div><div class=\"w-iconbox-meta\"><div class=\"w-iconbox-text\"><p><strong>Zeitgem\u00e4\u00dfes Raumdesign der Erlebnisb\u00e4ckerei und Konditorei.<\/strong><\/p>\n<\/div><\/div><\/div><div class=\"w-iconbox iconpos_left style_default color_secondary align_left no_title\"><div class=\"w-iconbox-icon\" style=\"font-size:1.5rem;\"><i class=\"fas fa-check-square\"><\/i><\/div><div class=\"w-iconbox-meta\"><div class=\"w-iconbox-text\"><p><strong>Finanzierung oder Leasing Ihres Bauprojektes (Positive Bonit\u00e4t vorausgesetzt).<\/strong><\/p>\n<\/div><\/div><\/div><div class=\"w-iconbox iconpos_left style_default color_secondary align_left no_title\"><div class=\"w-iconbox-icon\" style=\"font-size:1.5rem;\"><i class=\"fas fa-check-square\"><\/i><\/div><div class=\"w-iconbox-meta\"><div class=\"w-iconbox-text\"><p><strong>Professionelles Projektmanagement &#8211; wir steuern die Gewerke f\u00fcr eine optimale Umbauphase.<\/strong><\/p>\n<\/div><\/div><\/div><div class=\"w-iconbox iconpos_left style_default color_secondary align_left no_title\"><div class=\"w-iconbox-icon\" style=\"font-size:1.5rem;\"><i class=\"fas fa-check-square\"><\/i><\/div><div class=\"w-iconbox-meta\"><div class=\"w-iconbox-text\"><p><strong>Ohne Anzahlung \u2013 wir berechnen nach \u00dcbergabe Ihrer Verkaufsst\u00e4tte.<\/strong><\/p>\n<\/div><\/div><\/div><div class=\"w-iconbox iconpos_left style_default color_secondary align_left no_title\"><div class=\"w-iconbox-icon\" style=\"font-size:1.5rem;\"><i class=\"fas fa-check-square\"><\/i><\/div><div class=\"w-iconbox-meta\"><div class=\"w-iconbox-text\"><p><strong>Kostenlose Leihstellung eines Verkaufsanh\u00e4ngers f\u00fcr einen m\u00f6glichst unterbrechungsfreien Verkauf.<\/strong><\/p>\n<\/div><\/div><\/div><div class=\"w-iconbox iconpos_left style_default color_secondary align_left no_title\"><div class=\"w-iconbox-icon\" style=\"font-size:1.5rem;\"><i class=\"fas fa-check-square\"><\/i><\/div><div class=\"w-iconbox-meta\"><div class=\"w-iconbox-text\"><p><strong>Service f\u00fcr Reparatur und Wartung.<\/strong><\/p>\n<\/div><\/div><\/div><\/div><\/div><\/div><div class=\"wpb_column vc_column_container\"><div class=\"vc_column-inner\"><\/div><\/div><\/div><\/div><\/section><section class=\"l-section wpb_row height_large\"><div class=\"l-section-h i-cf\"><div class=\"g-cols vc_row via_grid cols_1 laptops-cols_inherit tablets-cols_inherit mobiles-cols_1 valign_top type_default stacking_default\"><div class=\"wpb_column vc_column_container us_custom_60e9caca us_animate_this\"><div class=\"vc_column-inner\"><div class=\"wpb_text_column\"><div class=\"wpb_wrapper\"><h2 style=\"text-align: left;\">Projektbeispiele<\/h2>\n<\/div><\/div><div class=\"w-separator size_medium\"><\/div><div class=\"g-cols wpb_row via_grid cols_3 laptops-cols_inherit tablets-cols_inherit mobiles-cols_1 valign_top type_default stacking_default\" style=\"--columns-gap:3rem;\"><div class=\"wpb_column vc_column_container\"><div class=\"vc_column-inner\"><div class=\"w-ibanner animation_hebe ratio_1x1 easing_ease\"><a href=\"http:\/\/ws-ladenbau.de\/?page_id=3199\" aria-label=\"B\u00e4ckerei Eggers Moorrege\"><\/a><div class=\"w-ibanner-h\"><div class=\"w-ibanner-image\" style=\"background-image: url(https:\/\/ws-ladenbau.de\/wp-content\/uploads\/2023\/09\/IMG_3108-1024x768.jpg)\"><\/div><div class=\"w-ibanner-content\"><div class=\"w-ibanner-content-h\"><h2 class=\"w-ibanner-title\" style=\"font-size:28px;\">B\u00e4ckerei Eggers Moorrege<\/h2><div class=\"w-ibanner-desc\"><\/div><\/div><\/div><\/div><\/div><\/div><\/div><div class=\"wpb_column vc_column_container\"><div class=\"vc_column-inner\"><div class=\"w-ibanner animation_hebe ratio_1x1 easing_ease\"><a href=\"http:\/\/ws-ladenbau.de\/?page_id=3859\" aria-label=\"B\u00e4ckerei Klug Gardebusch\"><\/a><div class=\"w-ibanner-h\"><div class=\"w-ibanner-image\" style=\"background-image: url(https:\/\/ws-ladenbau.de\/wp-content\/uploads\/2023\/09\/IMG_4248-1024x768.jpg)\"><\/div><div class=\"w-ibanner-content\"><div class=\"w-ibanner-content-h\"><h2 class=\"w-ibanner-title\" style=\"font-size:28px;\">B\u00e4ckerei Klug Gardebusch<\/h2><div class=\"w-ibanner-desc\"><\/div><\/div><\/div><\/div><\/div><\/div><\/div><div class=\"wpb_column vc_column_container\"><div class=\"vc_column-inner\"><div class=\"w-ibanner animation_hebe ratio_1x1 easing_ease\"><a href=\"http:\/\/ws-ladenbau.de\/?page_id=3865\" aria-label=\"B\u00e4ckerei K\u00f6rner\"><\/a><div class=\"w-ibanner-h\"><div class=\"w-ibanner-image\" style=\"background-image: url(https:\/\/ws-ladenbau.de\/wp-content\/uploads\/2023\/09\/IMG_0003-1024x576.jpg)\"><\/div><div class=\"w-ibanner-content\"><div class=\"w-ibanner-content-h\"><h2 class=\"w-ibanner-title\" style=\"font-size:28px;\">B\u00e4ckerei K\u00f6rner<\/h2><div class=\"w-ibanner-desc\"><\/div><\/div><\/div><\/div><\/div><\/div><\/div><\/div><div class=\"w-separator size_medium\"><\/div><div class=\"g-cols wpb_row via_grid cols_3 laptops-cols_inherit tablets-cols_inherit mobiles-cols_1 valign_top type_default stacking_default\" style=\"--columns-gap:3rem;\"><div class=\"wpb_column vc_column_container\"><div class=\"vc_column-inner\"><div class=\"w-ibanner animation_hebe ratio_1x1 easing_ease\"><a href=\"http:\/\/ws-ladenbau.de\/?page_id=3998\" aria-label=\"Dallmeyer\"><\/a><div class=\"w-ibanner-h\"><div class=\"w-ibanner-image\" style=\"background-image: url(https:\/\/ws-ladenbau.de\/wp-content\/uploads\/2023\/10\/EDEKA-Stuvenborn-02-1024x819.jpg)\"><\/div><div class=\"w-ibanner-content\"><div class=\"w-ibanner-content-h\"><h2 class=\"w-ibanner-title\" style=\"font-size:28px;\">Dallmeyer<\/h2><div class=\"w-ibanner-desc\"><\/div><\/div><\/div><\/div><\/div><\/div><\/div><div class=\"wpb_column vc_column_container\"><div class=\"vc_column-inner\"><div class=\"w-ibanner animation_hebe ratio_1x1 easing_ease\"><a href=\"http:\/\/ws-ladenbau.de\/?page_id=4136\" aria-label=\"Landb\u00e4ckerei Kr\u00f6ger Marlow\"><\/a><div class=\"w-ibanner-h\"><div class=\"w-ibanner-image\" style=\"background-image: url(https:\/\/ws-ladenbau.de\/wp-content\/uploads\/2023\/10\/IMG_3310-1024x768.jpg)\"><\/div><div class=\"w-ibanner-content\"><div class=\"w-ibanner-content-h\"><h2 class=\"w-ibanner-title\" style=\"font-size:28px;\">Landb\u00e4ckerei Kr\u00f6ger Marlow<\/h2><div class=\"w-ibanner-desc\"><\/div><\/div><\/div><\/div><\/div><\/div><\/div><div class=\"wpb_column vc_column_container\"><div class=\"vc_column-inner\"><div class=\"w-ibanner animation_hebe ratio_1x1 easing_ease\"><a href=\"http:\/\/ws-ladenbau.de\/?page_id=4011\" aria-label=\"Daube Fabri\"><\/a><div class=\"w-ibanner-h\"><div class=\"w-ibanner-image\" style=\"background-image: url(https:\/\/ws-ladenbau.de\/wp-content\/uploads\/2023\/10\/IMG_0546-1024x768.jpg)\"><\/div><div class=\"w-ibanner-content\"><div class=\"w-ibanner-content-h\"><h2 class=\"w-ibanner-title\" style=\"font-size:28px;\">Daube Fabri<\/h2><div class=\"w-ibanner-desc\"><\/div><\/div><\/div><\/div><\/div><\/div><\/div><\/div><div class=\"w-separator size_medium\"><\/div><div class=\"w-btn-wrapper align_none\"><a class=\"w-btn us-btn-style_3\" title=\"Portfolio\" href=\"http:\/\/ws-ladenbau.de\/?page_id=3850\"><span class=\"w-btn-label\">Weitere Projekte<\/span><\/a><\/div><\/div><\/div><\/div><\/div><\/section><section class=\"l-section wpb_row height_auto width_full\"><div class=\"l-section-h i-cf\"><div class=\"g-cols vc_row via_grid cols_1 laptops-cols_inherit tablets-cols_inherit mobiles-cols_1 valign_top type_default stacking_default\"><div class=\"wpb_column vc_column_container\"><div class=\"vc_column-inner\"><section class=\"l-section wpb_row height_small color_alternate\"><div class=\"l-section-h i-cf\"><div class=\"g-cols vc_row via_grid cols_1-3 laptops-cols_inherit tablets-cols_inherit mobiles-cols_1 valign_top type_default stacking_default\"><div class=\"wpb_column vc_column_container\"><div class=\"vc_column-inner\"><div class=\"wpb_text_column us_custom_f5b8391e us_animate_this\"><div class=\"wpb_wrapper\"><p>Ihre Ansprechpartner<\/p>\n<\/div><\/div><div class=\"w-separator size_small\"><\/div><div class=\"w-image align_none\"><div class=\"w-image-h\"><img decoding=\"async\" width=\"638\" height=\"6\" src=\"https:\/\/ws-ladenbau.de\/wp-content\/uploads\/2023\/09\/Streifen-gelb-einzeln-02-05.png\" class=\"attachment-large size-large\" alt=\"\" loading=\"lazy\" srcset=\"https:\/\/ws-ladenbau.de\/wp-content\/uploads\/2023\/09\/Streifen-gelb-einzeln-02-05.png 638w, https:\/\/ws-ladenbau.de\/wp-content\/uploads\/2023\/09\/Streifen-gelb-einzeln-02-05-300x3.png 300w\" sizes=\"auto, (max-width: 638px) 100vw, 638px\" \/><\/div><\/div><\/div><\/div><div class=\"wpb_column vc_column_container\"><div class=\"vc_column-inner\"><\/div><\/div><\/div><\/div><\/section><section class=\"l-section wpb_row us_custom_83615c4e height_auto\"><div class=\"l-section-h i-cf\"><div class=\"g-cols vc_row via_grid cols_3 laptops-cols_inherit tablets-cols_inherit mobiles-cols_1 valign_top type_default stacking_default\"><div class=\"wpb_column vc_column_container\"><div class=\"vc_column-inner\"><div class=\"w-vwrapper align_none valign_top\"><div class=\"w-iconbox us_custom_49f317a8 iconpos_left style_default color_secondary align_left no_title\"><div class=\"w-iconbox-icon\" style=\"font-size:1.5rem;\"><i class=\"fas fa-user\"><\/i><\/div><div class=\"w-iconbox-meta\"><div class=\"w-iconbox-text\"><p>Dirk Blosat<\/p>\n<\/div><\/div><\/div><div class=\"w-iconbox us_custom_49f317a8 iconpos_left style_default color_secondary align_left no_title\"><div class=\"w-iconbox-icon\" style=\"font-size:1.5rem;\"><i class=\"fas fa-phone-alt\"><\/i><\/div><div class=\"w-iconbox-meta\"><div class=\"w-iconbox-text\"><p>04121 &#8211; 57 80 58-21<\/p>\n<\/div><\/div><\/div><div class=\"w-iconbox us_custom_49f317a8 iconpos_left style_default color_secondary align_left no_title\"><div class=\"w-iconbox-icon\" style=\"font-size:1.5rem;\"><i class=\"fas fa-mobile-alt\"><\/i><\/div><div class=\"w-iconbox-meta\"><div class=\"w-iconbox-text\"><p>0173 &#8211; 922 92 71<\/p>\n<\/div><\/div><\/div><div class=\"w-iconbox us_custom_49f317a8 iconpos_left style_default color_secondary align_left no_title\"><div class=\"w-iconbox-icon\" style=\"font-size:1.5rem;\"><i class=\"fas fa-envelope\"><\/i><\/div><div class=\"w-iconbox-meta\"><div class=\"w-iconbox-text\"><p><a href=\"mailto:dirk.blosat@ws-ladenbau.de\" target=\"_blank\" rel=\"noopener\">dirk.blosat@ws-ladenbau.de<\/a><\/p>\n<\/div><\/div><\/div><\/div><\/div><\/div><div class=\"wpb_column vc_column_container\"><div class=\"vc_column-inner\"><div class=\"w-vwrapper align_none valign_top\"><div class=\"w-iconbox us_custom_49f317a8 iconpos_left style_default color_secondary align_left no_title\"><div class=\"w-iconbox-icon\" style=\"font-size:1.5rem;\"><i class=\"fas fa-user\"><\/i><\/div><div class=\"w-iconbox-meta\"><div class=\"w-iconbox-text\"><p>Markus Leisner<\/p>\n<\/div><\/div><\/div><div class=\"w-iconbox us_custom_49f317a8 iconpos_left style_default color_secondary align_left no_title\"><div class=\"w-iconbox-icon\" style=\"font-size:1.5rem;\"><i class=\"fas fa-phone-alt\"><\/i><\/div><div class=\"w-iconbox-meta\"><div class=\"w-iconbox-text\"><p>04121 &#8211; 57 80 58-18<\/p>\n<\/div><\/div><\/div><div class=\"w-iconbox us_custom_49f317a8 iconpos_left style_default color_secondary align_left no_title\"><div class=\"w-iconbox-icon\" style=\"font-size:1.5rem;\"><i class=\"fas fa-mobile-alt\"><\/i><\/div><div class=\"w-iconbox-meta\"><div class=\"w-iconbox-text\"><p>0152 &#8211; 31 08 12 30<\/p>\n<\/div><\/div><\/div><div class=\"w-iconbox us_custom_49f317a8 iconpos_left style_default color_secondary align_left no_title\"><div class=\"w-iconbox-icon\" style=\"font-size:1.5rem;\"><i class=\"fas fa-envelope\"><\/i><\/div><div class=\"w-iconbox-meta\"><div class=\"w-iconbox-text\"><p><a href=\"mailto:leisner@ws-ladenbau.de\" target=\"_blank\" rel=\"noopener\">leisner@ws-ladenbau.de<\/a><\/p>\n<\/div><\/div><\/div><\/div><\/div><\/div><div class=\"wpb_column vc_column_container\"><div class=\"vc_column-inner\"><\/div><\/div><\/div><\/div><\/section>\n<\/div><\/div><\/div><\/div><\/section>\n","protected":false},"excerpt":{"rendered":"Ihr Spezialist f\u00fcr hochwertige Einrichtungen ProjekteIhr Spezialist f\u00fcr hochwertige Einrichtungen Ihr Spezialist f\u00fcr hochwertige Einrichtungen Wir sind Ihr zuverl\u00e4ssiger Ladenbauer VOR, W\u00c4HREND UND NACH IHREM UMBAU Wenn Sie einen zuverl\u00e4ssigen Ladenbauer suchen, auf den Sie sich vor, w\u00e4hrend und auch nach dem Umbau mit Service und Support partnerschaftlich verlassen k\u00f6nnen, dann sind Sie bei uns...","protected":false},"author":1,"featured_media":0,"parent":0,"menu_order":0,"comment_status":"closed","ping_status":"closed","template":"","meta":{"footnotes":""},"class_list":["post-25","page","type-page","status-publish","hentry"],"_links":{"self":[{"href":"https:\/\/ws-ladenbau.de\/index.php?rest_route=\/wp\/v2\/pages\/25","targetHints":{"allow":["GET"]}}],"collection":[{"href":"https:\/\/ws-ladenbau.de\/index.php?rest_route=\/wp\/v2\/pages"}],"about":[{"href":"https:\/\/ws-ladenbau.de\/index.php?rest_route=\/wp\/v2\/types\/page"}],"author":[{"embeddable":true,"href":"https:\/\/ws-ladenbau.de\/index.php?rest_route=\/wp\/v2\/users\/1"}],"replies":[{"embeddable":true,"href":"https:\/\/ws-ladenbau.de\/index.php?rest_route=%2Fwp%2Fv2%2Fcomments&post=25"}],"version-history":[{"count":82,"href":"https:\/\/ws-ladenbau.de\/index.php?rest_route=\/wp\/v2\/pages\/25\/revisions"}],"predecessor-version":[{"id":4259,"href":"https:\/\/ws-ladenbau.de\/index.php?rest_route=\/wp\/v2\/pages\/25\/revisions\/4259"}],"wp:attachment":[{"href":"https:\/\/ws-ladenbau.de\/index.php?rest_route=%2Fwp%2Fv2%2Fmedia&parent=25"}],"curies":[{"name":"wp","href":"https:\/\/api.w.org\/{rel}","templated":true}]}}